is the remainder when 197 is divided by 60?
17
What is the remainder when 560 is divided by 63?
56
Calculate the remainder when 271 is divided by 107.
57
Calculate the remainder when 82 is divided by 40.
2
Calculate the remainder when 380 is divided by 35.
30
Calculate the remainder when 607 is divided by 12.
7
Calculate the remainder when 1570 is divided by 751.
68
What is the remainder when 54 is divided by 4?
2
Calculate the remainder when 831 is divided by 100.
31
What is the remainder when 1974 is divided by 221?
206
Calculate the remainder when 2447 is divided by 17.
16
Calculate the remainder when 408 is divided by 57.
9
What is the remainder when 325 is divided by 66?
61
Calculate the remainder when 29 is divided by 20.
9
Calculate the remainder when 1486 is divided by 166.
158
What is the remainder when 2069 is divided by 61?
56
What is the remainder when 1349 is divided by 104?
101
Calculate the remainder when 178 is divided by 95.
83
What is the remainder when 949 is divided by 17?
14
Calculate the remainder when 72 is divided by 28.
16
Calculate the remainder when 4016 is divided by 82.
80
Calculate the remainder when 490 is divided by 4.
2
What is the remainder when 242 is divided by 19?
14
Calculate the remainder when 453 is divided by 24.
21
What is the remainder when 476 is divided by 118?
4
Calculate the remainder when 554 is divided by 70.
64
Calculate the remainder when 765 is divided by 8.
5
Calculate the remainder when 397 is divided by 80.
77
Calculate the remainder when 235 is divided by 79.
77
Calculate the remainder when 979 is divided by 140.
139
What is the remainder when 120 is divided by 39?
3
Calculate the remainder when 1845 is divided by 21.
18
Calculate the remainder when 414 is divided by 32.
30
Calculate the remainder when 682 is divided by 98.
94
What is the remainder when 802 is divided by 31?
27
What is the remainder when 417 is divided by 28?
25
What is the remainder when 532 is divided by 89?
87
Calculate the remainder when 1951 is divided by 85.
81
Calculate the remainder when 2175 is divided by 136.
135
What is the remainder when 319 is divided by 14?
11
What is the remainder when 1232 is divided by 62?
54
Calculate the remainder when 328 is divided by 33.
31
What is the remainder when 340 is divided by 57?
55
Calculate the remainder when 864 is divided by 51.
48
Calculate the remainder when 177 is divided by 4.
1
What is the remainder when 16 is divided by 11?
5
Calculate the remainder when 51 is divided by 26.
25
Calculate the remainder when 5192 is divided by 71.
9
What is the remainder when 657 is divided by 328?
1
What is the remainder when 341 is divided by 8?
5
Calculate the remainder when 6886 is divided by 56.
54
Calculate the remainder when 89 is divided by 25.
14
Calculate the remainder when 536 is divided by 91.
81
Calculate the remainder when 137 is divided by 19.
4
What is the remainder when 1752 is divided by 13?
10
Calculate the remainder when 417 is divided by 106.
99
Calculate the remainder when 808 is divided by 11.
5
What is the remainder when 1758 is divided by 99?
75
Calculate the remainder when 68 is divided by 56.
12
Calculate the remainder when 246 is divided by 55.
26
Calculate the remainder when 442 is divided by 3.
1
What is the remainder when 2131 is divided by 79?
77
Calculate the remainder when 256 is divided by 177.
79
What is the remainder when 982 is divided by 324?
10
Calculate the remainder when 1646 is divided by 57.
50
Calculate the remainder when 363 is divided by 74.
67
Calculate the remainder when 739 is divided by 37.
36
What is the remainder when 666 is divided by 620?
46
What is the remainder when 108 is divided by 43?
22
Calculate the remainder when 237 is divided by 20.
17
What is the remainder when 546 is divided by 55?
51
What is the remainder when 1327 is divided by 8?
7
Calculate the remainder when 656 is divided by 316.
24
What is the remainder when 812 is divided by 48?
44
Calculate the remainder when 45 is divided by 24.
21
Calculate the remainder when 3509 is divided by 26.
25
What is the remainder when 183 is divided by 122?
61
What is the remainder when 113 is divided by 6?
5
Calculate the remainder when 30 is divided by 9.
3
Calculate the remainder when 332 is divided by 90.
62
What is the remainder when 8837 is divided by 17?
14
Calculate the remainder when 468 is divided by 119.
111
Calculate the remainder when 2671 is divided by 27.
25
Calculate the remainder when 448 is divided by 45.
43
Calculate the remainder when 478 is divided by 14.
2
What is the remainder when 130 is divided by 22?
20
What is the remainder when 302 is divided by 89?
35
What is the remainder when 176 is divided by 41?
12
Calculate the remainder when 77 is divided by 32.
13
What is the remainder when 3222 is divided by 8?
6
Calculate the remainder when 225 is divided by 19.
16
What is the remainder when 3224 is divided by 33?
23
Calculate the remainder when 425 is divided by 47.
2
Calculate the remainder when 906 is divided by 425.
56
Calculate the remainder when 539 is divided by 144.
107
What is the remainder when 733 is divided by 290?
153
Calculate the remainder when 68 is divided by 37.
31
What is the remainder when 472 is divided by 17?
13
What is the remainder when 323 is divided by 84?
71
Calculate the remainder when 214 is divided by 31.
28
Calculate the remainder when 335 is divided by 297.
38
Calculate the remainder when 263 is divided by 50.
13
Calculate the remainder when 242 is divided by 63.
53
What is the remainder when 64851 is divided by 18?
15
Calculate the remainder when 162 is divided by 42.
36
Calculate the remainder when 206 is divided by 9.
8
Calculate the remainder when 306 is divided by 4.
2
What is the remainder when 502 is divided by 250?
2
What is the remainder when 172 is divided by 44?
40
What is the remainder when 707 is divided by 12?
11
What is the remainder when 40 is divided by 29?
11
What is the remainder when 1401 is divided by 377?
270
What is the remainder when 4120 is divided by 133?
130
What is the remainder when 441 is divided by 37?
34
Calculate the remainder when 1360 is divided by 18.
10
Calculate the remainder when 125 is divided by 16.
13
What is the remainder when 223 is divided by 56?
55
Calculate the remainder when 150 is divided by 7.
3
Calculate the remainder when 294 is divided by 87.
33
Calculate the remainder when 9655 is divided by 105.
100
What is the remainder when 220 is divided by 19?
11
Calculate the remainder when 388 is divided by 30.
28
What is the remainder when 405 is divided by 92?
37
What is the remainder when 105 is divided by 105?
0
What is the remainder when 358 is divided by 40?
38
Calculate the remainder when 3331 is divided by 13.
3
Calculate the remainder when 263 is divided by 12.
11
Calculate the remainder when 18 is divided by 10.
8
Calculate the remainder when 898 is divided by 53.
50
Calculate the remainder when 415 is divided by 108.
91
What is the remainder when 36 is divided by 27?
9
What is the remainder when 397 is divided by 113?
58
What is the remainder when 55 is divided by 18?
1
What is the remainder when 10282 is divided by 219?
208
What is the remainder when 1791 is divided by 150?
141
What is the remainder when 77 is divided by 1?
0
Calculate the remainder when 522 is divided by 161.
39
What is the remainder when 4564 is divided by 83?
82
What is the remainder when 614 is divided by 88?
86
Calculate the remainder when 3286 is divided by 149.
8
What is the remainder when 134 is divided by 30?
14
Calculate the remainder when 763 is divided by 51.
49
What is the remainder when 289 is divided by 99?
91
Calculate the remainder when 22148 is divided by 69.
68
What is the remainder when 307 is divided by 53?
42
Calculate the remainder when 47937 is divided by 282.
279
What is the remainder when 331 is divided by 99?
34
What is the remainder when 221 is divided by 142?
79
Calculate the remainder when 98 is divided by 83.
15
Calculate the remainder when 123 is divided by 31.
30
What is the remainder when 2398 is divided by 12?
10
Calculate the remainder when 9949 is divided by 63.
58
What is the remainder when 910 is divided by 83?
80
Calculate the remainder when 216 is divided by 54.